y + 9343. Let a be k(73). Calculate v(a).
17
Let g(f) be the first derivative of f**2/2 - 8*f + 9. Let h(w) = -4*w + 24. Let b(s) = -7*g(s) - 2*h(s). Calculate b(-11).
-3
Let r(j) be the second derivative of -j**4/12 - 11*j**3/6 + 11*j**2/2 - 2*j + 678. Give r(-14).
-31
Let y(z) = 2*z - 13*z - 8 - 11*z**2 + 13*z**3 - 14*z**3. Let o = -3717 - -3707. Give y(o).
2
Suppose -620 = -77*w + 381. Let d(j) = j**3 - 13*j**2 - 8*j + 12. What is d(w)?
-92
Let t(i) = i**3 + 5*i**2 - 5*i - 1. Suppose 0 = 4*o - 11 - 93. Let r = -36 + o. Let z be r + 6 + (-1 - 1). Give t(z).
-7
Let u be 22/(-99) + 116/36. Suppose 2 + 10 = -w. Let x be w/20 + u/5. Let b(v) = v**3 + 12. What is b(x)?
12
Let p(g) = 3472055*g**2 - 8*g**3 - 19*g**3 - 3472054*g**2. Let y(k) = -2*k**2 - k. Let x be y(-1). Calculate p(x).
28
Let b be (-3004)/(-30) - (-22)/(-165). Let t = 107 - 208. Let v = t + b. Let u(h) = -5*h**3 + 2*h + 1. What is u(v)?
4
Let r(w) = -w**2 - 19*w - 29. Let k(i) = 3*i**2 + i**2 + 23 - 5*i**2 - 111 - 2*i**2 - 56*i. Let b(c) = -2*k(c) + 7*r(c). Determine b(-20).
-7
Suppose 170*k + 88 = 148*k. Let j(g) = 4*g**3 - 9*g**2 + 8*g + 2. Let x(n) = 5*n**3 - 10*n**2 + 9*n + 2. Let a(c) = -6*j(c) + 5*x(c). What is a(k)?
10
Let t(g) = g - 4. Let w be t(3). Let v(j) = -15*j - 88. Let k be v(-6). Let n(h) = h + 36 - 2*h + 0*h - 36 + k*h**2. Determine n(w).
3
Let h be 3 - (27/45 + (-83)/5). Suppose 2*w - 8 = -2*z + 2, -5*w = 2*z - h. Let v(a) = -3 - 182*a + 1 + 2*a**z + a**3 + 180*a + 0*a**3. Give v(-2).
2
Let l(w) = -25624*w + w**2 - 6 + 25607*w - 11 - 2. Calculate l(18).
-1
Let f(u) be the third derivative of -7*u**4/24 + 13*u**3/6 - 28*u**2. Let q(a) = a - 2. Let n(d) = -f(d) - 3*q(d). What is n(5)?
13
Let v be 36/4 - (-1 + 1 - -2). Let x(p) = 13*p**3 + 8*p**2 + 4*p + 4. Let s(b) = -15*b**3 - 8*b**2 - 4*b - 4. Let a(m) = v*x(m) + 6*s(m). Calculate a(-7).
25
Let z(i) = 30*i - 234. Let q be z(8). Suppose -2*m - q = 0, -4*t = -m - 14 - 1. Let k(n) = -n**3 + 7*n**2. Give k(t).
36
Let i(d) be the second derivative of -d**4/6 - 7*d**3/6 + 7*d**2/2 - 16*d - 38. Calculate i(-6).
-23
Let q(r) = 0 + 0 + 2*r**2 - 9*r + 0*r**2 + 9. Let b be q(4). Let d(s) = -6*s - 1. Let u(c) = -11*c - 1. Let l(t) = 7*d(t) - 4*u(t). Determine l(b).
7
Let c(y) = 2*y + 78. Let g be c(-31). Let s(z) = -6 - 5*z - 13*z + g*z. Determine s(7).
-20
Suppose 4*l = -3*q + 19 - 86, 0 = -q + 2*l - 9. Let k = q + 21. Suppose a + a = -2*z + 2, -k = 2*a + 5*z. Let b(i) = 3*i + 1. Calculate b(a).
10
Let i(h) = 22*h**2 - 56*h - 15. Let s(d) = -10*d**2 + 27*d + 8. Let q(a) = -4*i(a) - 9*s(a). Calculate q(10).
-2
Suppose 4*c + 22*z + 92 = 18*z, -5*c = -5*z + 145. Let m(a) = -a**2 - 24*a + 46. Calculate m(c).
-6
Let l(u) = u**2 + 4*u + 8. Suppose -3*n - 15 = -3. Let j be l(n). Let v(k) = -2*k + 15. What is v(j)?
-1
Let x(p) = -6*p**2 + 104*p + 195. Let g(l) = l**2 - 15*l - 26. Let n(u) = -15*g(u) - 2*x(u). What is n(6)?
-6
Let s(l) = -l**2 - 92*l - 669. Let w be s(-8). Let o(y) = -y**3 + 7*y**2 - y + 3. What is o(w)?
36
Suppose 0 = -44*w - 8*w + 416. Let m(u) = -u**3 + 9*u**2 - u - 6. Give m(w).
50
Let x(k) = -k**3 - k**2 + k + 10. Let p(v) = -v**2 - 4*v - 7. Let y(g) = g**3 - 4*g**2 + g + 3. Let s be y(2). Let m be p(s). Let r = -4 - m. Calculate x(r).
10
Let p = -11 + 3. Let n(m) = -m**2 + 262 + 16*m - 25*m + 239 - 506. What is n(p)?
3
Let i(h) be the second derivative of -h**4/12 - 5*h**3/6 - 17*h**2/2 - 25*h - 7. What is i(-8)?
-41
Let f be (6840/(-19))/24 - -12. Let x(b) = -11*b - 6. What is x(f)?
27
Let s(h) be the second derivative of -h**4/12 + 11*h**3/6 - 7*h**2/2 + 113*h. Suppose 2*m - 83 = 5*j, 6*m - 2*m - 2*j - 142 = 0. Let a = m + -24. Give s(a).
3
Let g(l) = -131*l + 266*l - 150*l - 24. Determine g(0).
-24
Suppose 25 = z + 5*i, 0 = 4*z + 4*i - 20. Let y(u) be the third derivative of 0*u + z - 5/6*u**3 - 18*u**2 - 1/12*u**4. Give y(-4).
3
Suppose 125*c - 25 = 124*c. Let x(z) = 14*z + c*z + 4 - 34*z. Suppose 15 = -3*s - 0. Determine x(s).
-21
Suppose 9*g = -2720 + 2567. Let p(x) = -x**3 - 16*x**2 + 19*x + 39. Give p(g).
5
Let k = -775/26 - -420/13. Let t(o) be the first derivative of 17 + k*o**2 - 5*o. Give t(4).
15
Let d(n) = -n**3 + 6*n**2 + 3. Let t(z) = z**3 + 7*z**2 - 8*z - 4. Let u(b) = -d(b) + t(b). Determine u(-1).
0
Let m(u) = 12036*u**3 - 12037*u**3 + 12 - 2*u + u**2 - 6*u**2. Determine m(-4).
4
Let c(g) = g**2 - 4*g + 8. Suppose 3*o + 30 = 4*q + 16, 2*o - 14 = -2*q. Let w be -1*(-3)/(3 - o). What is c(w)?
5
Let r(w) = -6*w + 71. Suppose -388 = -71*z + 606. Determine r(z).
-13
Let u be -1 - 10 - (-75 + 61). Let t(r) be the second derivative of 4/3*r**u + 3*r + 2/3*r**4 - r**2 + 1/20*r**5 + 0. What is t(-7)?
-9
Let k(t) = -t**2 + 9*t + 1. Let s be k(8). Let a(f) = -8*f + 15. Let b be a(s). Let z = b - -49. Let l(g) = g**2 + 9*g + 1. What is l(z)?
-7
Let n be 34/255 + (-2)/60*-146. Suppose n*l - 28 = -3*a - a, a - 5*l - 7 = 0. Let k(s) = -s**2 + 2*s + 9. What is k(a)?
-26
Suppose -3 = -i, 2*r - i = 10 + 1. Let m(l) = 8 - 8*l - 1765*l**2 + 880*l**2 + 886*l**2. What is m(r)?
1
Let h(j) be the second derivative of -j**5/20 + 7*j**4/12 - 5*j**3/6 - 2*j**2 - 6385*j - 2. Let c be ((-2)/(-6))/((-2)/(-30)). Determine h(c).
21
Let m(n) = -7*n**3 - 17*n**2 + 49*n + 9. Let i(l) = 6*l**3 + 16*l**2 - 43*l - 10. Let a(w) = 6*i(w) + 5*m(w). Give a(-12).
-3
Let h(z) = z - 1. Let s be h(-5). Let g(x) be the second derivative of 0 - 1/20*x**5 + 0*x**2 + 1/6*x**3 + 61*x - 1/2*x**4. Calculate g(s).
-6
Let m(s) be the first derivative of -11*s + 28 + 1/2*s**2. What is m(8)?
-3
Let d(s) be the second derivative of s**7/840 + s**6/180 - s**5/30 - s**4/8 + s**3/6 - 3*s**2 - 113*s. Let b(i) be the second derivative of d(i). Give b(-3).
0
Let y(g) = -g + 4. Let x be y(0). Let r(c) = -c + 2. Let b be r(x). Let m(l) be the first derivative of -l**4/4 + l**2/2 - l - 26937. Give m(b).
5
Let i(k) = -2*k**2 + 7*k - 5. Suppose 8*g - 3*g = t + 18, 0 = g + 4*t + 9. Suppose -5*q = 5*d, 5*q + g = -4*d - 1. Give i(d).
-9
Let o(x) = -x**3 - 5*x**2 - 2*x - 7. Suppose 942*j = -3*d + 937*j - 7, -2*j = -5*d - 22. What is o(d)?
-15
Let k(i) = -i. Let o(l) = 3*l + 2. Let y(h) = k(h) + o(h). Suppose -62*g + 907 = 1155. Determine y(g).
-6
Suppose 0 = -166*r + 132*r + 272. Let s(n) = 2*n**2 - 20*n + 4. What is s(r)?
-28
Let h(p) = -3*p + 23. Let n(l) = -8*l + 75. Let s(g) = -13*h(g) + 4*n(g). Let x(c) = 13*c + 25. Let o(a) = -2*s(a) + x(a). What is o(8)?
15
Suppose -431 = 29*y + 110 - 106. Let f(r) = -r**3 - 14*r**2 + 18*r + 46. Calculate f(y).
1
Let s be (5/(-1)*-1)/(-1). Let h(g) be the first derivative of g**4/4 + 2*g**3 + 9*g**2/2 + 9*g + 220. Give h(s).
-11
Let j(o) = -o - 10. Let x = -260 - -264. Suppose 4*b - 16 = 4*v + 6*b, -x*v - 18 = b. What is j(v)?
-5
Let g(f) = 3*f**3 - f**2 + 2*f - 3. Let o(t) = -34*t**3 + 8*t**2 - 6*t + 16. Let q(s) = 5*g(s) + o(s). Determine q(-1).
19
Let d(z) = 26*z + 85. Let t(p) = -53*p - 155. Let f(g) = 13*d(g) + 6*t(g). Calculate f(-9).
-5
Let k(s) be the first derivative of -s**7/840 + s**6/360 - s**5/120 - 7*s**3/3 + 14. Let i(d) be the third derivative of k(d). Let c = 25 + -23. Calculate i(c).
-6
Let u(o) be the first derivative of o**4/12 + 5*o**3/6 + 5*o**2 - 125*o + 92. Let d(r) be the first derivative of u(r). Determine d(-4).
6
Let d be 1 - (-84)/(-10) - -25*75/(-3125). Let w(s) = 2*s**2 - 3*s - 3. Calculate w(d).
149
Suppose 8*r + 3 = 603. Suppose 0 = -67*i + r*i + 80. Let f(s) = -s**3 - 9*s**2 + 12*s + 15. What is f(i)?
-5
Let i be (-36)/20*20/(-6). Let o(a) = -7*a + 0*a + i*a + 4. Give o(-4).
8
Let w(x) = -x**2 + 2*x + 21. Let c(r) = -r**3 + 3*r**2 + 45*r - 33. Let i be c(8). Give w(i).
-14
Let z(h) be the first derivative of h**4/4 + 4*h**3/3 + h**2/2 + h + 1. Let d be 361 - 370 - (24 - 0)/(-4). What is z(d)?
7
Let u(w) be the third derivative of 7*w**2 - 1 - 1/15*w**5 - 1/2*w**3 - 1/8*w**4 + 0*w + 1/120*w**6. Give u(5).
7
Let w = -102 + 96. Let v(b) = 8*b**2 - 2*b - 1. Let r(k) = -k**2 + 2*k - 1. Let o(l) = -6*r(l) - v(l). Give o(w).
-5
Suppose 0 = -4*z + c + 6090, 2*c - 3280 = -2*z - 240. Let b(q) = -6*q**2 - 2*q**3 + q**3 + 8 + z*q - 1520*q. What is b(-6)?
-4
Suppose 14*o = 13 + 43. Let v be -1 - ((-16)/o - -2). Let j(y) = -24*y + 1. Give j(v).
-23
Let b(y) = 5*y**3 - 19*y**2 - 7*y - 47. Let f(v) 